s 222104723 a composite number?
True
Is 652786229 prime?
True
Is 105870066989 a prime number?
False
Is 200563471 prime?
True
Is 1064380861 composite?
False
Is 7805322677 a composite number?
False
Is 413757367 composite?
False
Is 311517287 prime?
False
Is 69054079 prime?
True
Is 4404871199 composite?
False
Is 1889777185 a prime number?
False
Is 3844733689 composite?
False
Is 724013999 composite?
False
Is 172333077701 composite?
True
Is 98091703 a composite number?
False
Is 8021252063 composite?
True
Is 52671265219 a prime number?
False
Is 1668465751 composite?
True
Is 67678405763 prime?
False
Is 23218528649 prime?
True
Is 19863713783 prime?
False
Is 9531951817 prime?
True
Is 311900669 a prime number?
True
Is 1350172177 composite?
False
Is 4431619151 a composite number?
True
Is 71167911439 prime?
False
Is 6170169937 a composite number?
False
Is 6621606973 a composite number?
False
Is 42018863 a composite number?
False
Is 4043715673 a composite number?
False
Is 1143115067 composite?
False
Is 66295930313 a prime number?
True
Is 39323783 prime?
False
Is 35279344141 composite?
True
Is 698626648321 a composite number?
True
Is 1122456889 composite?
True
Is 504241838 a composite number?
True
Is 17841335093 prime?
True
Is 3236770993 prime?
False
Is 106139102123 prime?
True
Is 1225925833 composite?
True
Is 120087443 a composite number?
True
Is 33339791267 a prime number?
False
Is 268922581 prime?
True
Is 36183281711 a composite number?
True
Is 4963534613 composite?
False
Is 23396818091 composite?
False
Is 44757235937 a composite number?
False
Is 4576536079 a prime number?
False
Is 413865713 a prime number?
True
Is 2359339231 a composite number?
True
Is 4377655079 composite?
True
Is 372035134 a prime number?
False
Is 1023945803 a prime number?
True
Is 18687345178 a composite number?
True
Is 31873504657 a prime number?
False
Is 8692721283 composite?
True
Is 3671555491 a prime number?
True
Is 1092803567 composite?
True
Is 14883167927 a prime number?
True
Is 12650489 a prime number?
False
Is 43825579121 prime?
False
Is 1418374331 prime?
False
Is 1476728933 composite?
True
Is 135333223 prime?
True
Is 10936051253 a composite number?
True
Is 576350849 a composite number?
False
Is 623381331 a prime number?
False
Is 14092572511 composite?
True
Is 2430513221 a composite number?
True
Is 90658056043 composite?
True
Is 27332880319 prime?
False
Is 3641843149 a prime number?
False
Is 593012221 a prime number?
False
Is 13313141 a prime number?
True
Is 255274268087 prime?
False
Is 18707228809 a composite number?
True
Is 187136482107 a prime number?
False
Is 17114624381 a prime number?
True
Is 165965477 prime?
True
Is 19181883289 prime?
True
Is 5131766879 a composite number?
True
Is 6421199 composite?
True
Is 9666630098 a composite number?
True
Is 1194521551 prime?
True
Is 144063161 a prime number?
False
Is 5265152021 composite?
False
Is 1517289841 composite?
False
Is 4748806415 prime?
False
Is 132400947946 a prime number?
False
Is 553484627 composite?
True
Is 30957180559 prime?
True
Is 131372533 composite?
True
Is 2793622243 composite?
False
Is 37700655907 composite?
False
Is 91573291 prime?
False
Is 3229867847 a prime number?
True
Is 21946166362 a prime number?
False
Is 124335307 a composite number?
True
Is 14275391203 a composite number?
False
Is 39574130483 a prime number?
True
Is 4650526997 a prime number?
True
Is 194977669 composite?
False
Is 48077812949 prime?
False
Is 1679181629 composite?
True
Is 84605327 composite?
False
Is 1015527559 composite?
False
Is 38142861041 a prime number?
True
Is 21141728213 a prime number?
True
Is 53584748027 prime?
False
Is 147459995861 prime?
False
Is 6281022557 composite?
False
Is 111086699 a prime number?
True
Is 1207426641 a prime number?
False
Is 1707234019 a prime number?
True
Is 2023352413 a prime number?
False
Is 19103926177 composite?
True
Is 892058131 a prime number?
False
Is 820444517 a composite number?
True
Is 4093309945 prime?
False
Is 9289484395 composite?
True
Is 135059503 composite?
True
Is 864765719 prime?
True
Is 13252383073 a composite number?
False
Is 23490355379 a composite number?
True
Is 3980491387 composite?
False
Is 10223039657 prime?
True
Is 497341289 prime?
False
Is 164708227 a composite number?
True
Is 377181029 a composite number?
False
Is 965395559 a composite number?
False
Is 1088276039 a prime number?
True
Is 48838961533 prime?
True
Is 1934505299 a composite number?
True
Is 6767418743 composite?
True
Is 217048123 a composite number?
False
Is 312070751 a composite number?
True
Is 4501973771 a prime number?
True
Is 4429137523 a composite number?
True
Is 773218657 a composite number?
False
Is 58515222071 a prime number?
False
Is 1137388739 a composite number?
False
Is 5564360617 a composite number?
False
Is 247663279 prime?
True
Is 17458525477 prime?
True
Is 713304043 a prime number?
False
Is 931541777 composite?
False
Is 19847431 a prime number?
True
Is 16027822391 a composite number?
True
Is 7528049681 prime?
False
Is 6208643173 prime?
True
Is 893240567 composite?
False
Is 1937227121 a prime number?
False
Is 2608859863 a prime number?
False
Is 2599008343 a prime number?
False
Is 98490030923 composite?
True
Is 19888353629 composite?
True
Is 2927256539 a composite number?
True
Is 28093394881 prime?
True
Is 208787437 prime?
True
Is 613657937 a composite number?
True
Is 272604827 prime?
False
Is 1010603822 a prime number?
False
Is 32948043838 a composite number?
True
Is 39415187771 composite?
True
Is 628199479 a composite number?
True
Is 2198680303 a prime number?
True
Is 7591469807 a prime number?
True
Is 58489609 prime?
True
Is 595300553 prime?
True
Is 7809122677 composite?
False
Is 2828785957 composite?
False
Is 26007623459 composite?
True
Is 437970833 a composite number?
True
Is 12629647 a prime number?
True
Is 12090054721 prime?
True
Is 1986196291 a composite number?
False
Is 3616448051 composite?
False
Is 89083202459 prime?
False
Is 5478820213 a composite number?
True
Is 1858126891 a prime number?
False
Is 5739139501 a prime number?
True
Is 43759448009 prime?
False
Is 5917888147 a composite number?
False
Is 1362884581 composite?
True
Is 17655718991 prime?
True
Is 4323874831 composite?
False
Is 115541373413 composite?
True
Is 6225491039 a prime number?
True
Is 25151154941 composite?
True
Is 6843895693 a prime number?
True
Is 28725383927 a composite number?
True
Is 99475037 a composite number?
True
Is 13673616689 composite?
False
Is 12322895999 composite?
True
Is 28764817181 prime?
True
Is 2045561711 prime?
True
Is 11963446153 composite?
False
Is 222910573 a prime number?
True
Is 15581638607 a composite number?
True
Is 741542341 composite?
False
Is 393458803 a composite number?
True
Is 263998799 a prime number?
True
Is 66368878531 a prime number?
True
Is 162747859 a prime number?
False
Is 462384881 composite?
True
Is 16286899471 a prime number?
True
Is 2760168289 a composite number?
False
Is 72535681157 composite?
True
Is 200760479 composite?
True
Is 971736511 a composite number?
False
Is 503366681 a prime number?
True
Is 259725643 a composite number?
True
Is 5102224321 prime?
True
Is 21562734049 composite?
False
Is 81925372379 a prime number?
False
Is 423653609 a prime number?
False
Is 2196352537 a composite number?
False
Is 181588103 a prime number?
False
Is 20628202229 prime?
True
Is 102808390283 composite?
False
Is 226220849371 composite?
True
Is 106392526363 prime?
False
Is 544558439 composite?
False
Is 1653347041 a prime number?
False
Is 38470952042 a prime number?
False
Is 121354003061 prime?
False
Is 6897804629 prime?
True
Is 205601959 a prime number?
False
Is 3465151699 a composite number?
False
Is 1235427461 a prime number?
True
Is 672212143 a composite number?
True
Is 625865893 a prime number?
False
Is 873852743 prime?
True
Is 10858732091 prime?
False
Is 729717083 prime?
True
Is 3396537319 a composite number?
True
Is 32915031469 a prime number?
False
Is 18865279 prime?
False
Is 361942981 composite?
True
Is 220371977 composite?
True
Is 2436536239 prime?
False
Is 2999922091 prime?
True
Is 68176826909 a composite number?
True
Is 7448911271 composite?
False
Is 9066120589 a prime number?
True
Is 390119189 a prime number?
True
Is 1483734283 composite?
False
Is 1009138859 prime?
True
Is 315272